0*c - 768. Let v be 288/c - (-1)/(-4). What is the highest common factor of 11 and v?
1
Let q = -43 - 209. Let r = q + 527. Calculate the greatest common factor of r and 110.
55
Suppose -6 + 21 = -4*p + 3*u, 2*u - 10 = 3*p. Suppose -j + g = -241, p = -3*j + 5*j + 2*g - 470. Calculate the greatest common divisor of 170 and j.
34
Let o(a) = 24*a**3 - 23*a**2 - 6*a + 98. Let m be o(6). Calculate the highest common factor of m and 94.
94
Suppose 2*w + 18*f - 69 = 13*f, -3*w + 4*f = -46. Let s = 23 - 1. What is the highest common divisor of w and s?
22
Let u = -69 - -72. Let n(q) be the second derivative of 10*q**3 - 2*q**2 + 4*q. Let s be n(u). Calculate the greatest common divisor of 22 and s.
22
Let y be 1 + (-1 - (-10)/2). Suppose 7*u - 9*u = 378. Let v = u + 204. What is the greatest common divisor of v and y?
5
Suppose -13*y = 20*y - 40*y. Let a be -54*(6/(-9) - y). Let k be (-146)/(-8) + 1/(-4). Calculate the highest common divisor of a and k.
18
Let b(f) = -995*f - 24. Let r be b(-9). What is the greatest common factor of r and 78?
39
Suppose 3*u - 86 = -40*u. Let c be 936/15 - ((-32)/20 + 2). What is the greatest common divisor of c and u?
2
Let m be ((-21)/(-12))/((-14)/(-2856)). Let f = m + -247. What is the greatest common factor of f and 55?
55
Let g(z) = z**2 - 26*z + 1248. Let y be g(50). What is the highest common divisor of y and 336?
48
Let o(q) = 11*q**3 - 1. Let j be o(1). Suppose -2*m = -4*s - 2116, -2*m - 26*s + 2164 = -22*s. Calculate the greatest common factor of m and j.
10
Let a(k) = -61*k + 380. Let g be a(6). What is the greatest common divisor of 5866 and g?
14
Let d be (-8878)/(-69) + (-2)/(-6). Let z be (602/28)/(2/4). What is the highest common divisor of z and d?
43
Let t(i) = -195*i - 1509. Let r be t(-8). What is the greatest common factor of r and 2091?
51
Let p be (2 + 2 - -2)/2. Suppose -c + p = -5*a + 8, -2*a = 4*c - 46. Calculate the greatest common factor of c and 20.
10
Suppose -a = -2*l - 16, 6*a + 3*l - 26 = 5*a. Let b(j) = -j. Let t be b(-12). What is the greatest common divisor of t and a?
4
Let w = -604 - -8924. What is the highest common divisor of 13 and w?
13
Suppose -3*s + 0*s = -18. Suppose 16*g = s*g - 1290. Let u = g + 201. What is the highest common divisor of 54 and u?
18
Suppose -2*n - n = 4*m - 4096, n - 5120 = -5*m. Suppose -24*w = -8*w - m. Calculate the greatest common factor of w and 12.
4
Suppose -72*p = -56*p - 44812 + 5452. What is the highest common factor of p and 164?
164
Suppose 2*p = 4*n + 14, 0 = -p + n + 3 + 5. Let w be p*(-5 + (16 - -4)). Calculate the highest common divisor of w and 10.
5
Let a = -14249 + 14420. Calculate the highest common factor of a and 108.
9
Let y = -1175 + 1198. What is the highest common factor of y and 2231?
23
Suppose 0 = -127*s + 122*s + 525. What is the greatest common divisor of s and 70?
35
Let s be (-5 + (-1017)/36 - 3)*(-16)/10. Let b(h) = 9*h**2 + h + 2. Let f be b(5). Calculate the greatest common factor of f and s.
58
Let h be (-32)/(-4)*(-6)/(-4). Suppose 0 = -2*b - 22 + 80. Let o = b - 17. What is the highest common factor of o and h?
12
Suppose -48 = d + 2*d. Let k(h) = -h**2 - 20159*h + 16 + 0 + 20143*h. Let l be k(d). Calculate the greatest common divisor of l and 1.
1
Suppose 627 = r + 3*k, 6*k - k - 7913 = -13*r. Calculate the greatest common factor of r and 5656.
202
Suppose 0 = 4*f - 8*f + 16. Suppose -a = -20 - f. Let q be -18*(8 - 25/3). What is the greatest common divisor of a and q?
6
Let m(z) = 3*z**2 + 5*z + 3. Let o be m(4). Let x be 55 - (28/7)/2. Let s = o - x. Calculate the greatest common divisor of 6 and s.
6
Let a = 50 - 45. Suppose -a*n - 359 = -t, 3*n + n = -t + 386. Let r = t + -255. What is the greatest common divisor of 17 and r?
17
Let y be (-11 - -3)/4*(-9)/6. Suppose -54 = -y*x + q + 18, 49 = 2*x - q. What is the highest common divisor of x and 184?
23
Suppose -2*a = -5*b - 1925, -1995 = -690*a + 688*a - 5*b. Let i(u) = -u**3 + 9*u**2 - 10*u + 7. Let q be i(7). Calculate the highest common divisor of q and a.
35
Suppose 16 = 4*r, -u - 5*r + 110 + 16 = 0. What is the greatest common divisor of 9169 and u?
53
Let k = 18294 + -18082. What is the highest common factor of k and 124?
4
Let m be -3*4/6 - -64. Let i = m + -42. Suppose 46*f = 1161 - 931. What is the greatest common divisor of f and i?
5
Let y(z) = 2*z**2 - 6*z - 2. Let k be y(6). Suppose 12621 = 91*u + 80*u + 3900. Calculate the greatest common divisor of k and u.
17
Let k be 5/(85/187)*(-4)/(-22). Suppose -12*q + 8*q = -k*y + 52, 3*y - 3*q = 66. What is the highest common factor of 6 and y?
6
Let p = 237 + -421. Let n = p + 185. Calculate the highest common factor of n and 9.
1
Let p be (-4)/2 + (38 - -6). Suppose z - 16*m + 15*m - 14 = 0, 0 = 2*z - m - 32. What is the highest common factor of z and p?
6
Suppose 48 = g - 0*g - 4*z, -g - 3*z = -69. Suppose -6*i - 2248 = -5*f - 4*i, 2*f + 3*i - 903 = 0. Calculate the greatest common factor of g and f.
30
Suppose 4*v + 2594 = 4*z - v, 4*z - 2606 = -v. Suppose 5826 = 32*q - 126. What is the highest common divisor of z and q?
93
Suppose -i = -3*j - 172, j - 4*j = 12. Let y(h) be the first derivative of -15*h**2 + 302*h + 228. Let w be y(9). What is the highest common factor of w and i?
32
Suppose 4*q = 6*y + 364 - 380, -5*q + 26 = 4*y. Suppose -15 + 35 = 5*c. Suppose c - 9 = -5*g. What is the highest common divisor of g and y?
1
Let p be 1/(-3)*(-9)/63*0. Suppose k + m = 4*m + 56, -4*k + 3*m + 260 = p. What is the highest common factor of 374 and k?
34
Suppose -3*i + 126 = 3*p, 3*p - 80*i - 114 = -85*i. Calculate the highest common factor of 7856 and p.
16
Let r(w) = 96*w - 3124. Let t be r(44). Calculate the highest common factor of t and 125.
25
Let r(x) = x**2 + 7*x - 19. Let n be r(-16). Let o = n - 55. Suppose -5*y = -o + 30. Calculate the greatest common factor of y and 40.
8
Let s = -112 - -85. Let y be s/((-9)/(-120)*-2). Suppose 5*x + y = 7*x. What is the highest common factor of 30 and x?
30
Let c(f) = -5*f + 59 - 146 - 121 - 9*f. Let t be c(-15). Calculate the greatest common divisor of t and 178.
2
Let w = -15 - -22. Let k = w - -14. Let r(d) = -835*d - 10750. Let y be r(-13). What is the greatest common divisor of k and y?
21
Let z be (-414)/322 + 76710/14. What is the highest common divisor of 44 and z?
22
Suppose -981052 + 89700 = -28*w. What is the highest common divisor of w and 44?
22
Let c(d) = 3*d**2 - 3*d - 3. Let u be c(4). Suppose 3*n + 9*n = 1056. What is the greatest common factor of u and n?
11
Let k be 1718/20 - 5/(-50). Let g = -142 - -305. Suppose k - 1 = 2*z - 5*f, -4*z = -3*f - g. What is the greatest common factor of 5 and z?
5
Let g(a) = -27*a**2 + 1588*a + 43. Let f be g(54). Calculate the greatest common divisor of 7 and f.
7
Let b = -26960 - -26996. Calculate the greatest common factor of 732 and b.
12
Let r be 523/(-4184) - 721/(-8). What is the greatest common factor of r and 550?
10
Suppose 5*i - 3*h - 106 - 84 = 0, 5*i = 4*h + 195. Let w = i + -33. What is the greatest common divisor of w and 46?
2
Let l = 19 - 21. Let y be (l - 6/(-5))/(4/(-20)). Suppose -5*z - 52 = -2*j - 0*z, 3*z = y*j - 132. What is the greatest common divisor of 180 and j?
36
Suppose m = 3*q - 488, 33*m = -5*q + 30*m + 846. Calculate the highest common factor of 885 and q.
15
Suppose -231*f + 440 = 96*f - 2830. Calculate the greatest common divisor of 2460 and f.
10
Suppose 0 = -3*c - 27, 7090 = 54*i - 50*i - 2*c. What is the greatest common factor of i and 728?
104
Let x = 201 - 96. Let j(r) = -2*r**2 - 13*r - 22. Let y be j(-2). Let d be y/(-6)*126/4. Calculate the greatest common divisor of x and d.
21
Suppose 2*a - 4*f + 6 = 0, -2*a - 7*f - 21 = -8*f. Let l = 8 - a. Calculate the highest common factor of 231 and l.
21
Suppose 2*x = t + 1064, 8*x - 13*x + t = -2666. Let c = -118 + x. Calculate the highest common divisor of 32 and c.
32
Let x be 4*(10480/64 - -5). Calculate the greatest common factor of 594 and x.
27
Let h = 3976 - 3911. What is the highest common divisor of h and 585?
65
Let b = 181494 + -181396. Let f = -163 + 275. What is the greatest common factor of b and f?
14
Let g = 40766 - 35439. Calculate the greatest common factor of 7 and g.
7
Let w = -1363 - -2381. Suppose 14*g